/((-2)/(-20) + o). Calculate the highest common factor of s and 84.
28
Let l be ((-4)/(-8))/((-3)/(-42)). Suppose l*c - 405 = 330. Calculate the greatest common divisor of 21 and c.
21
Suppose -5*u = -0*u - 25. Suppose u*t - 80 = 145. Suppose 0*h = 4*h - w - 47, -3*w - t = -4*h. What is the greatest common factor of 96 and h?
12
Suppose 4*f + 11 = 39. Suppose 7 = 2*v - j, -2*v - f - 4 = 5*j. Suppose o + 4*k - 64 = -o, 5*k - 69 = -v*o. What is the greatest common divisor of 55 and o?
11
Let g = -2735 + 2930. Calculate the highest common divisor of 39 and g.
39
Let x = 358 + -256. What is the greatest common factor of x and 34?
34
Let q be -2*(-2)/(-4) + 22/11. Calculate the greatest common divisor of 8 and q.
1
Let r be -4*(-8 + 1) + -3. Let z = r - 4. Calculate the greatest common factor of 14 and z.
7
Let h(g) = g**3 + 14*g**2 + 13*g + 4. Let x be (-8)/(-3) - (-4)/12. Let v be (x/(-6) - 0)*26. Let f be h(v). What is the greatest common divisor of 4 and f?
4
Let j(k) = k**3 + 13*k**2 - 15*k - 12. Let d be j(-14). Suppose -d*l - 62 = -g, 3*g = l + 15 + 196. What is the greatest common divisor of g and 9?
9
Let h be ((-7)/(14/(-3)))/((-3)/(-608)). Calculate the highest common factor of 38 and h.
38
Suppose -4*n + 283 - 103 = 0. Calculate the greatest common divisor of 18 and n.
9
Let q = 20 - 28. Let z = q + 21. What is the greatest common divisor of z and 13?
13
Suppose -5*a + a + 356 = -s, 0 = -4*a - 3*s + 340. Suppose j + j = a. Suppose -5*z + j = -1. Calculate the greatest common divisor of z and 27.
9
Suppose -3*d - 5*f - 14 = 0, 19 - 1 = -d - 5*f. Suppose 0 = p - d*p + 165. Suppose 0 = 21*x - 102*x + 5346. Calculate the highest common divisor of x and p.
33
Suppose -5*w + 172 + 103 = 0. Let c(p) = -p**3 + 4*p**2 + 7*p - 5. Let v be c(5). What is the greatest common divisor of w and v?
5
Let x = -48 - -54. Let q be (x - 0 - -2)*1/4. Calculate the greatest common divisor of q and 7.
1
Suppose -17*x + 298 = -416. What is the highest common factor of 84 and x?
42
Suppose 2*k - 4*u = 4, 3*k - 5*u - 2 = 7. Suppose n + y = 2, 0 = -4*n - 4*y + 5*y + k. Suppose -19 + 3 = -n*r. What is the greatest common divisor of r and 40?
8
Let n be 8/((3 - 5)*-1). Suppose x = 2*d - 16, 9 - 25 = n*x. Calculate the greatest common divisor of d and 6.
6
Let c be 6/12 + 218/4. Let f be (-2)/(-7) + 69/(-21). Let u be f/9*-15*1. What is the highest common factor of u and c?
5
Let d = 2459 + -882. What is the highest common divisor of 19 and d?
19
Let y(r) = -r**3 - 4*r**2 + 8*r + 6. Let w be y(-6). Let z = w + -3. Calculate the highest common factor of z and 18.
9
Let x = -35 + 38. Suppose 0 = x*u + 84 - 174. What is the highest common divisor of 12 and u?
6
Let l = 6 - 3. Suppose 0 = -l*w + 2*k + 246, -4*k - 266 = -5*w + 142. Calculate the highest common factor of 12 and w.
12
Let d(s) = -8*s + 9. Let r be d(-9). Calculate the highest common divisor of r and 12.
3
Suppose 4*o = -v - v + 74, 2*o = 4. Suppose 140 + 1015 = 5*s. Calculate the greatest common divisor of v and s.
33
Suppose 0 = -3*v - u + 14, 29 = 5*v - 4*u - 0. Let h be -1 + (29 + -2)/(-3). Let w be (1 - 4)/(2/h). What is the greatest common factor of v and w?
5
Let o(j) = -j**3 - 7*j**2 - 10*j - 9. Let w be o(-6). Suppose -4*d - 11 + 79 = 4*n, -66 = -4*n - 3*d. Calculate the highest common divisor of n and w.
15
Let v be 4394/13 - -3 - 0. Suppose 0 = -0*s + 4*s - 8, -147 = -5*c + 4*s. What is the greatest common divisor of v and c?
31
Let i(l) = -32*l - 4. Let f = -11 - -14. Let z be i(f). Let k = z - -145. Calculate the greatest common divisor of 18 and k.
9
Let p(h) = h**3 + 5*h**2 - 3*h + 7. Let f be p(-7). Let o be (-2268)/f + 4/(-10). Calculate the greatest common divisor of 4 and o.
4
Suppose 0 = -2*k - 3*k - 5*x + 235, -2*x - 182 = -4*k. What is the highest common factor of 138 and k?
46
Suppose -7*z + 36 = -4*z. Let r be 1 + -1 - (-48)/z. Suppose -4*b - 5*u - 69 = -5*b, -r*b + 2*u + 204 = 0. What is the greatest common divisor of b and 7?
7
Suppose 0 = -8*c - 0*c + 584. Let o = -71 + c. What is the highest common divisor of o and 30?
2
Suppose 5*g + 2 - 12 = 0. Suppose 5*n - 117 = g*n - 3*z, 0 = -n - 3*z + 39. Let u = n + -23. Calculate the highest common factor of 40 and u.
8
Let g(k) = -2*k - 9. Let j be g(-7). Let q = j - 10. Let i(z) = -3*z + 3. Let d be i(q). Calculate the highest common factor of d and 12.
6
Suppose -j = 5*k + 1, 313*k - 309*k = -j + 4. What is the highest common divisor of 4632 and j?
24
Suppose 25 + 231 = -4*u. Let z = -38 - u. Let d be 16/(-392)*7 + 184/7. What is the greatest common factor of d and z?
26
Let y(r) = r**2 + 5*r - 2. Let q be y(-6). Suppose q*v - 26 - 6 = 0. What is the greatest common factor of v and 32?
8
Let p = 331 - 329. What is the greatest common factor of p and 106?
2
Let b be -13 + (-9)/(-3)*1. Let l be 60/(-12)*12/b. Suppose 109 = 3*g - 17. Calculate the greatest common factor of l and g.
6
Let o(g) = 10*g + 2. Let q be (-2)/5 - (-776)/40. Let h be o(q). Calculate the highest common factor of h and 24.
24
Let o(l) = -l**3 - 40*l**2 - 59*l - 177. Let w be o(-39). Calculate the highest common divisor of 134 and w.
67
Let o(j) = -j**2 - 15*j - 13. Let y be o(-9). Calculate the greatest common factor of 697 and y.
41
Let n be 46/184 - 95/(-4). Calculate the highest common factor of n and 6.
6
Let p = -56 + 104. Suppose -3*b + 33*b - 137 = 223. Calculate the highest common factor of p and b.
12
Let y = -542 + 581. Calculate the greatest common divisor of y and 143.
13
Let t(b) = b**3 + 10*b**2 - 14*b - 17. Let d = 83 - 92. Let v be t(d). Calculate the greatest common factor of 10 and v.
10
Let o be (-5)/(30/(-12))*441/6. Calculate the highest common factor of 63 and o.
21
Let p(g) = -g - 1. Let i(o) = 2*o**2 - o - 2. Let s(m) = i(m) - 2*p(m). Let y be s(4). Calculate the greatest common divisor of y and 54.
18
Let b be -2*((-3)/6 - -3). Let y(i) = -13*i. Let w be y(b). Calculate the greatest common factor of w and 5.
5
Let g be (-101)/(-3*2/(-6)). Let x = 169 + g. Let m = 150 + -48. Calculate the highest common divisor of m and x.
34
Suppose -15 = -5*h - 0*h, -5*v - 3*h + 19 = 0. Let y be (3/9 - -1)/(v/36). Calculate the greatest common factor of 6 and y.
6
Let r be (36/(-45))/(1*(-4)/190). Calculate the highest common factor of r and 171.
19
Suppose -b = 2*z + 58, -4*z - 8 = -5*b + 94. Let y = z + 34. What is the highest common factor of 48 and y?
6
Suppose 0 = -a - 2*a + 132. Suppose 4 - 50 = -2*r. Suppose 4*n = 3*j + 2*n - r, -n = -3*j + 28. Calculate the greatest common divisor of j and a.
11
Suppose 0 = 6*u - 2*u + 36. Let b be (-11 + -1)*30/u. Let g be (1 - (-9)/3)*2. Calculate the greatest common divisor of b and g.
8
Let a(p) = 15*p**2 + p - 1. Let l = -7 + 8. Let f be a(l). Suppose 0 = 4*n - 5*n - x + 167, n + 5*x = 175. What is the highest common divisor of f and n?
15
Suppose -7*c - 8*c + 105 = 0. What is the greatest common factor of 7 and c?
7
Let r be -19 - (-1 + 2)*-1. Let z(p) = -p**3 + 6*p**2 - 5. Let x be z(4). Let f = r + x. Calculate the highest common divisor of 18 and f.
9
Let t be (4 - 9)*6/15. Let u be ((-49)/(-2) - t) + (-5)/10. Calculate the greatest common factor of u and 39.
13
Let t(m) = m - 1. Let q be t(7). Suppose 80 = q*b + 8. Calculate the highest common divisor of 84 and b.
12
Let x be (33 - -2) + (-200)/(-40). Calculate the highest common divisor of 40 and x.
40
Let k(v) = -v**3 + 2*v**2 + 5*v + 279. Let x be k(0). Calculate the greatest common factor of x and 9.
9
Suppose 35 = 2*g + 3. Let b = -1693 - -1805. Calculate the greatest common factor of g and b.
16
Let u(j) = -7*j - 19. Let t be u(-3). Suppose -28 = -t*i + 50. Calculate the greatest common factor of 65 and i.
13
Suppose 3*r = -3*c - 6, -4 + 14 = -2*r. Calculate the greatest common divisor of c and 147.
3
Suppose 8 = 4*r + 4. Suppose 3 = -2*q + r. Let v be (4 - q)*(20 - 0). What is the greatest common divisor of v and 25?
25
Let o be -2 + -2 - -8 - -11. Let c = -18 + 24. Let q be c/4 + 327/2. Calculate the highest common factor of q and o.
15
Suppose -2*f + 22 = h - 4*f, 0 = -4*h - 5*f + 140. What is the highest common factor of h and 15?
15
Let n(a) = a + 15. Let g be n(4). Calculate the highest common factor of g and 152.
19
Let x = 80 - 57. Let z